{"id":30,"date":"2017-11-30T21:41:39","date_gmt":"2017-11-30T20:41:39","guid":{"rendered":"http:\/\/preprod.asso-online.fr\/?page_id=30"},"modified":"2025-07-21T16:54:30","modified_gmt":"2025-07-21T14:54:30","slug":"karate","status":"publish","type":"page","link":"https:\/\/asvlb.fr\/index.php\/karate\/","title":{"rendered":"Karat\u00e9"},"content":{"rendered":"\t\t<div data-elementor-type=\"wp-post\" data-elementor-id=\"30\" class=\"elementor elementor-30\">\n\t\t\t\t\t\t<section class=\"elementor-section elementor-top-section elementor-element elementor-element-22af42c elementor-section-boxed elementor-section-height-default elementor-section-height-default\" data-id=\"22af42c\" data-element_type=\"section\">\n\t\t\t\t\t\t<div class=\"elementor-container elementor-column-gap-default\">\n\t\t\t\t\t<div class=\"elementor-column elementor-col-100 elementor-top-column elementor-element elementor-element-13e4807\" data-id=\"13e4807\" data-element_type=\"column\">\n\t\t\t<div class=\"elementor-widget-wrap elementor-element-populated\">\n\t\t\t\t\t\t<section class=\"elementor-section elementor-inner-section elementor-element elementor-element-d11a7c2 elementor-section-boxed elementor-section-height-default elementor-section-height-default\" data-id=\"d11a7c2\" data-element_type=\"section\">\n\t\t\t\t\t\t<div class=\"elementor-container elementor-column-gap-default\">\n\t\t\t\t\t<div class=\"elementor-column elementor-col-50 elementor-inner-column elementor-element elementor-element-0751bfe\" data-id=\"0751bfe\" data-element_type=\"column\">\n\t\t\t<div class=\"elementor-widget-wrap elementor-element-populated\">\n\t\t\t\t\t\t<div class=\"elementor-element elementor-element-b4256fe elementor-widget elementor-widget-text-editor\" data-id=\"b4256fe\" data-element_type=\"widget\" data-widget_type=\"text-editor.default\">\n\t\t\t\t<div class=\"elementor-widget-container\">\n\t\t\t\t\t\t\t\t\t<p style=\"text-align: center;\"><span style=\"font-size: 18pt;\"><strong><span style=\"color: #000000;\">Informations<\/span><\/strong><\/span><\/p><p style=\"margin-bottom: 0in; line-height: normal;\"><span lang=\"FR\" style=\"font-size: 11pt; font-family: 'Times New Roman', serif;\">Contrairement \u00e0 certaines id\u00e9es re\u00e7ues, le karat\u00e9 est accessible \u00e0 tous et \u00e0 toutes, et peut se pratiquer \u00e0 tout \u00e2ge :<\/span><span lang=\"FR\" style=\"font-size: 11.0pt; font-family: 'Times New Roman',serif; mso-fareast-font-family: 'Times New Roman'; mso-font-kerning: 0pt; mso-ligatures: none;\"><br \/><br \/><\/span><\/p><p style=\"margin-bottom: 0in; line-height: normal;\"><span lang=\"FR\" style=\"font-size: 11.0pt; font-family: 'Times New Roman',serif; mso-fareast-font-family: 'Times New Roman'; mso-font-kerning: 0pt; mso-ligatures: none;\">&#8211; les pr\u00e9-ado et adolescents y trouveront le moyen de canaliser leur \u00e9nergie et de construire leur confiance en eux,<br \/><br \/><\/span><\/p><p style=\"margin-bottom: 0in; line-height: normal;\"><span lang=\"FR\" style=\"font-size: 11.0pt; font-family: 'Times New Roman',serif; mso-fareast-font-family: 'Times New Roman'; mso-font-kerning: 0pt; mso-ligatures: none;\">&#8211; les adultes souhaitant entretenir ou am\u00e9liorer leur condition physique pourront d\u00e9compresser et progresser \u00e0 leur propre rythme, <\/span><\/p><p style=\"margin-bottom: 0in; line-height: normal;\"><span lang=\"FR\" style=\"font-size: 11pt; font-family: 'Times New Roman', serif;\">\u00a0<\/span><\/p><p style=\"margin-bottom: 0in; line-height: normal;\"><span lang=\"FR\" style=\"font-size: 11pt; font-family: 'Times New Roman', serif;\">&#8211; les plus exp\u00e9riment\u00e9s, apr\u00e8s une pr\u00e9paration d\u00e9di\u00e9e, pourront tenter d\u2019obtenir leur ceinture noire.<\/span><\/p><p style=\"margin-bottom: 0in; line-height: normal;\"><span lang=\"FR\" style=\"font-size: 11pt; font-family: 'Times New Roman', serif;\">\u00a0<\/span><\/p><p><span lang=\"FR\" style=\"font-size: 11pt; line-height: 115%; font-family: 'Times New Roman', serif;\">Alors, n\u2019h\u00e9sitez pas \u00e0 nous rejoindre, il n\u2019est jamais trop tard pour d\u00e9buter !<\/span><\/p>\t\t\t\t\t\t\t\t<\/div>\n\t\t\t\t<\/div>\n\t\t\t\t\t<\/div>\n\t\t<\/div>\n\t\t\t\t<div class=\"elementor-column elementor-col-50 elementor-inner-column elementor-element elementor-element-11f750b\" data-id=\"11f750b\" data-element_type=\"column\">\n\t\t\t<div class=\"elementor-widget-wrap elementor-element-populated\">\n\t\t\t\t\t\t<div class=\"elementor-element elementor-element-a1b164a elementor-widget elementor-widget-image\" data-id=\"a1b164a\" data-element_type=\"widget\" data-widget_type=\"image.default\">\n\t\t\t\t<div class=\"elementor-widget-container\">\n\t\t\t\t\t\t\t\t\t\t\t\t\t\t\t<img fetchpriority=\"high\" decoding=\"async\" width=\"768\" height=\"659\" src=\"https:\/\/asvlb.fr\/wp-content\/uploads\/2018\/01\/Logo_Karat\u00e9-768x659.png\" class=\"attachment-medium_large size-medium_large wp-image-302\" alt=\"\" srcset=\"https:\/\/asvlb.fr\/wp-content\/uploads\/2018\/01\/Logo_Karat\u00e9-768x659.png 768w, https:\/\/asvlb.fr\/wp-content\/uploads\/2018\/01\/Logo_Karat\u00e9-300x257.png 300w, https:\/\/asvlb.fr\/wp-content\/uploads\/2018\/01\/Logo_Karat\u00e9-1024x879.png 1024w\" sizes=\"(max-width: 768px) 100vw, 768px\" \/>\t\t\t\t\t\t\t\t\t\t\t\t\t\t\t<\/div>\n\t\t\t\t<\/div>\n\t\t\t\t\t<\/div>\n\t\t<\/div>\n\t\t\t\t\t<\/div>\n\t\t<\/section>\n\t\t\t\t\t<\/div>\n\t\t<\/div>\n\t\t\t\t\t<\/div>\n\t\t<\/section>\n\t\t\t\t<section class=\"elementor-section elementor-top-section elementor-element elementor-element-f1050bc elementor-section-boxed elementor-section-height-default elementor-section-height-default\" data-id=\"f1050bc\" data-element_type=\"section\">\n\t\t\t\t\t\t<div class=\"elementor-container elementor-column-gap-default\">\n\t\t\t\t\t<div class=\"elementor-column elementor-col-100 elementor-top-column elementor-element elementor-element-e50ac79\" data-id=\"e50ac79\" data-element_type=\"column\">\n\t\t\t<div class=\"elementor-widget-wrap elementor-element-populated\">\n\t\t\t\t\t\t<div class=\"elementor-element elementor-element-d41e79f elementor-alert-info elementor-widget elementor-widget-alert\" data-id=\"d41e79f\" data-element_type=\"widget\" data-widget_type=\"alert.default\">\n\t\t\t\t<div class=\"elementor-widget-container\">\n\t\t\t\t\t\t\t<div class=\"elementor-alert\" role=\"alert\">\n\n\t\t\t\t\t\t<span class=\"elementor-alert-title\">INFORMATION<\/span>\n\t\t\t\n\t\t\t\t\t\t<span class=\"elementor-alert-description\">Reprise le lundi 8 septembre 2025<\/span>\n\t\t\t\n\t\t\t\n\t\t<\/div>\n\t\t\t\t\t\t<\/div>\n\t\t\t\t<\/div>\n\t\t\t\t\t<\/div>\n\t\t<\/div>\n\t\t\t\t\t<\/div>\n\t\t<\/section>\n\t\t\t\t<section class=\"elementor-section elementor-top-section elementor-element elementor-element-b9837f4 elementor-section-boxed elementor-section-height-default elementor-section-height-default\" data-id=\"b9837f4\" data-element_type=\"section\">\n\t\t\t\t\t\t<div class=\"elementor-container elementor-column-gap-default\">\n\t\t\t\t\t<div class=\"elementor-column elementor-col-100 elementor-top-column elementor-element elementor-element-b0729b2\" data-id=\"b0729b2\" data-element_type=\"column\">\n\t\t\t<div class=\"elementor-widget-wrap elementor-element-populated\">\n\t\t\t\t\t\t<div class=\"elementor-element elementor-element-0b79c16 elementor-widget elementor-widget-text-editor\" data-id=\"0b79c16\" data-element_type=\"widget\" data-widget_type=\"text-editor.default\">\n\t\t\t\t<div class=\"elementor-widget-container\">\n\t\t\t\t\t\t\t\t\t<h1 style=\"text-align: center;\"><span style=\"font-size: 18pt;\">&nbsp;<\/span><\/h1>\n<h1 style=\"text-align: center;\"><span style=\"font-size: 18pt;\">Les cours<\/span><\/h1>\n<div><span style=\"font-size: 18pt;\">&nbsp;<\/span><\/div>\n<h1><span style=\"font-size: 10pt; color: #666699;\">Les cours sont dispens\u00e9s au dojo Foujita de Villiers le B\u00e2cle et au gymnase C. Marty de Toussus le Noble.<\/span><\/h1>\n<h1><span style=\"font-size: 10pt; color: #666699;\">Les cours, assur\u00e9s par:&nbsp;<\/span><\/h1>\n<h1><span style=\"font-size: 10pt; color: #666699;\">&#8211; Benoit Fourr\u00e9, directeur technique, ceinture noire 5e Dan, triple champion de France Kata par \u00e9quipe;<\/span><br><span style=\"font-size: 10pt; color: #666699;\">&#8211; Franck Veber, ceinture noire 4e Dan ;<\/span><br><span style=\"font-size: 10pt; color: #666699;\">&#8211; Xavier Louchart, ceinture noire 1er Dan ;<\/span><span style=\"font-size: 10pt; color: #666699;\">&nbsp;<\/span><br><span style=\"font-size: 10pt; color: #666699;\">&#8211; Vincent Chazarenc, ceinture noire 3e Dan, karat\u00e9 traditionnel ;<\/span><\/h1>\n<h1><span style=\"font-size: 10pt; color: #666699;\">Il n\u2019y a pas de cours pendant les cong\u00e9s scolaires. Il est pr\u00e9vu un passage de grade par an, au mois de mai, et diff\u00e9rents stages seront organis\u00e9s au cours de la saison les dimanches matins (pr\u00e9paration \u00e0 la ceinture noire, pr\u00e9paration passage de grade, stages th\u00e9matiques). D<\/span><span style=\"font-size: 10pt; color: #666699;\">es \u00e9changes avec d\u2019autres clubs de la r\u00e9gion seront \u00e9galement propos\u00e9s.<\/span><br><span style=\"color: #666699;\"><span style=\"font-size: 13.3333px;\">Enfin, la participation aux comp\u00e9titions de karat\u00e9 sera propos\u00e9e \u00e0 ceux qui le souhaitent.<\/span><\/span><\/h1>\t\t\t\t\t\t\t\t<\/div>\n\t\t\t\t<\/div>\n\t\t\t\t\t<\/div>\n\t\t<\/div>\n\t\t\t\t\t<\/div>\n\t\t<\/section>\n\t\t\t\t<section class=\"elementor-section elementor-top-section elementor-element elementor-element-d942771 elementor-section-boxed elementor-section-height-default elementor-section-height-default\" data-id=\"d942771\" data-element_type=\"section\">\n\t\t\t\t\t\t<div class=\"elementor-container elementor-column-gap-default\">\n\t\t\t\t\t<div class=\"elementor-column elementor-col-100 elementor-top-column elementor-element elementor-element-a1bdb97\" data-id=\"a1bdb97\" data-element_type=\"column\">\n\t\t\t<div class=\"elementor-widget-wrap elementor-element-populated\">\n\t\t\t\t\t\t<div class=\"elementor-element elementor-element-b3b4617 elementor-widget elementor-widget-text-editor\" data-id=\"b3b4617\" data-element_type=\"widget\" data-widget_type=\"text-editor.default\">\n\t\t\t\t<div class=\"elementor-widget-container\">\n\t\t\t\t\t\t\t\t\t<h1 style=\"text-align: center;\"><span style=\"font-size: 18pt;\"><strong><span style=\"color: #000000;\">\u00a0<\/span><\/strong><\/span><\/h1><h1 style=\"text-align: center;\"><span style=\"font-size: 18pt;\"><strong><span style=\"color: #000000;\">Le bureau<\/span><\/strong><\/span><\/h1><div><span style=\"font-size: 18pt;\"><strong><span style=\"color: #000000;\">\u00a0<\/span><\/strong><\/span><\/div><p><span style=\"font-family: arial, helvetica, sans-serif; font-size: 10pt;\"><span style=\"color: #000000;\">C\u00e9line CHESNE (Pr\u00e9sidente)<\/span><\/span><span style=\"color: #000000; font-size: 10pt;\"><br \/><\/span><\/p><p><span style=\"color: #000000; font-size: 10pt;\">E-mail : asvlbkarate@gmail.com<br \/>Page Facebook : www.facebook.com\/asvlbkarate<br \/><\/span><\/p><p><span style=\"color: #000000; font-size: 10pt;\">Affiliation FFKDA : 0910636<\/span><\/p>\t\t\t\t\t\t\t\t<\/div>\n\t\t\t\t<\/div>\n\t\t\t\t\t<\/div>\n\t\t<\/div>\n\t\t\t\t\t<\/div>\n\t\t<\/section>\n\t\t\t\t<section class=\"elementor-section elementor-top-section elementor-element elementor-element-e152d25 elementor-section-boxed elementor-section-height-default elementor-section-height-default\" data-id=\"e152d25\" data-element_type=\"section\">\n\t\t\t\t\t\t<div class=\"elementor-container elementor-column-gap-default\">\n\t\t\t\t\t<div class=\"elementor-column elementor-col-100 elementor-top-column elementor-element elementor-element-baaf3dd\" data-id=\"baaf3dd\" data-element_type=\"column\">\n\t\t\t<div class=\"elementor-widget-wrap elementor-element-populated\">\n\t\t\t\t\t\t<div class=\"elementor-element elementor-element-eb10aeb elementor-widget elementor-widget-text-editor\" data-id=\"eb10aeb\" data-element_type=\"widget\" data-widget_type=\"text-editor.default\">\n\t\t\t\t<div class=\"elementor-widget-container\">\n\t\t\t\t\t\t\t\t\t<h1>\u00a0<\/h1><h1 style=\"text-align: center;\"><span style=\"font-size: 18pt;\">Les horaires<\/span><\/h1><div><span style=\"font-size: 18pt;\">\u00a0<\/span><\/div><table style=\"width: 100%;\" width=\"100%\"><tbody><tr style=\"height: 48px;\"><td style=\"width: 17.1381%; text-align: center; height: 48px; background-color: #ffe5c4;\"><span style=\"color: #000000; font-size: 10pt;\">Cat\u00e9gories<\/span><\/td><td style=\"width: 14.975%; text-align: center; height: 48px; background-color: #ffe5c4;\"><span style=\"color: #000000; font-size: 10pt;\">Lundi<\/span><\/td><td style=\"width: 18.3028%; text-align: center; height: 48px; background-color: #ffe5c4;\"><span style=\"color: #000000; font-size: 10pt;\">Jeudi<\/span><\/td><td style=\"width: 13.6439%; text-align: center; height: 48px; background-color: #ffe5c4;\"><span style=\"color: #000000; font-size: 10pt;\">Samedi<\/span><\/td><\/tr><tr style=\"height: 30px;\"><td style=\"width: 17.1381%; text-align: center; height: 83px; background-color: #ffe5c4;\"><p><span style=\"color: #000000; font-size: 10pt;\">7 \u00e0 12 ans<\/span><\/p><\/td><td style=\"width: 14.975%; text-align: center; height: 83px;\"><p><span style=\"color: #000000; font-size: 10pt;\">\u00a0<\/span><\/p><\/td><td style=\"width: 18.3028%; height: 83px; background-color: #d0f7f0; text-align: center;\"><p><span style=\"font-size: 10pt;\">19h30 &#8211; 20h30<\/span><br \/><span style=\"font-size: 10pt;\">Salle Foujita<\/span><\/p><\/td><td style=\"width: 13.6439%; text-align: center; height: 83px; background-color: #bec4ed;\"><span style=\"color: #000000; font-size: 10pt;\">10h00 &#8211; 11h00<\/span><br \/><span style=\"color: #000000; font-size: 10pt;\">Gymnase C.Marty \u00a0<\/span><\/td><\/tr><tr style=\"height: 30px;\"><td style=\"width: 17.1381%; text-align: center; height: 82px; background-color: #ffe5c4;\"><p><span style=\"color: #000000; font-size: 10pt;\">13 \u00e0 17 ans<\/span><\/p><\/td><td style=\"width: 14.975%; text-align: center; background-color: #bec4ed; height: 120px;\"><p><span style=\"font-size: 10pt;\">20h00 &#8211; 21h30<\/span><br \/><span style=\"font-size: 10pt;\">Gymnase C.Marty<\/span><\/p><\/td><td style=\"width: 18.3028%; text-align: center; background-color: #d0f7f0; height: 120px;\"><p><span style=\"font-size: 10pt;\">19h30 &#8211; 21h00<\/span><br \/><span style=\"font-size: 10pt;\">Salle Foujita<\/span><\/p><\/td><td style=\"width: 13.6439%; text-align: center; height: 82px; background-color: #bec4ed;\"><span style=\"color: #000000; font-size: 10pt;\">10h00 &#8211; 11h15<\/span><br \/><span style=\"color: #000000; font-size: 10pt;\">Gymnase C.Marty<\/span><\/td><\/tr><tr style=\"height: 30px;\"><td style=\"width: 17.1381%; text-align: center; height: 109px; background-color: #ffe5c4;\"><span style=\"color: #000000; font-size: 10pt;\">\u00a0Adultes<\/span><\/td><td style=\"width: 14.975%; text-align: center; background-color: #bec4ed; height: 120px;\"><p><span style=\"font-size: 10pt;\">20h00 &#8211; 22h00<\/span><br \/><span style=\"font-size: 10pt;\">Gymnase C.Marty<\/span><\/p><\/td><td style=\"width: 18.3028%; text-align: center; background-color: #d0f7f0; height: 120px;\"><p><span style=\"font-size: 10pt;\">19h30 &#8211; 21h30<\/span><br \/><span style=\"font-size: 10pt;\">Salle Foujita<\/span><\/p><\/td><td style=\"width: 13.6439%; text-align: center; height: 109px; background-color: #bec4ed;\"><span style=\"font-size: 10pt;\">10h00 &#8211; 11h15<\/span><br \/><span style=\"font-size: 10pt;\">Gymnase C.Marty<\/span><\/td><\/tr><\/tbody><\/table>\t\t\t\t\t\t\t\t<\/div>\n\t\t\t\t<\/div>\n\t\t\t\t\t<\/div>\n\t\t<\/div>\n\t\t\t\t\t<\/div>\n\t\t<\/section>\n\t\t\t\t<section class=\"elementor-section elementor-top-section elementor-element elementor-element-8af54ba elementor-section-boxed elementor-section-height-default elementor-section-height-default\" data-id=\"8af54ba\" data-element_type=\"section\">\n\t\t\t\t\t\t<div class=\"elementor-container elementor-column-gap-default\">\n\t\t\t\t\t<div class=\"elementor-column elementor-col-100 elementor-top-column elementor-element elementor-element-4eb94df\" data-id=\"4eb94df\" data-element_type=\"column\">\n\t\t\t<div class=\"elementor-widget-wrap elementor-element-populated\">\n\t\t\t\t\t\t<div class=\"elementor-element elementor-element-1f85392 elementor-widget elementor-widget-text-editor\" data-id=\"1f85392\" data-element_type=\"widget\" data-widget_type=\"text-editor.default\">\n\t\t\t\t<div class=\"elementor-widget-container\">\n\t\t\t\t\t\t\t\t\t<h1 style=\"text-align: center;\"><span style=\"font-size: 18pt;\">\u00a0<\/span><\/h1><h1 style=\"text-align: center;\"><span style=\"font-size: 18pt;\">Les tarifs<\/span><\/h1><div><span style=\"font-size: 18pt;\">\u00a0<\/span><\/div><table style=\"height: 120px; width: 100%; border-collapse: collapse;\"><tbody><tr style=\"height: 48px;\"><td style=\"width: 16.6389%; text-align: center; height: 48px; background-color: #ffe5c4;\"><span style=\"color: #000000;\">Cat\u00e9gories<\/span><\/td><td style=\"width: 16.6389%; text-align: center; height: 48px; background-color: #ffe5c4;\"><span style=\"color: #000000;\">Villiers<\/span><br \/><span style=\"color: #000000;\">le B\u00e2cle<\/span><\/td><td style=\"width: 16.6389%; text-align: center; height: 48px; background-color: #ffe5c4;\"><span style=\"color: #000000;\">Saint Aubin<\/span><\/td><td style=\"width: 16.6389%; text-align: center; height: 48px; background-color: #ffe5c4;\"><span style=\"color: #000000;\">Ch\u00e2teaufort<\/span><\/td><td style=\"width: 16.6389%; text-align: center; height: 48px; background-color: #ffe5c4;\"><span style=\"color: #000000;\">Toussus<\/span><br \/><span style=\"color: #000000;\">le Noble<\/span><\/td><td style=\"width: 16.6389%; text-align: center; height: 48px; background-color: #ffe5c4;\"><span style=\"color: #000000;\">Ext\u00e9rieurs<\/span><\/td><\/tr><tr style=\"height: 24px;\"><td style=\"width: 16.6389%; height: 24px; text-align: center; background-color: #ffe5c4;\"><span style=\"color: #000000;\">7 \u00e0 12 ans<\/span><\/td><td style=\"width: 16.6389%; height: 24px; text-align: center;\"><span style=\"color: #000000;\">140 \u20ac<\/span><\/td><td style=\"width: 16.6389%; height: 24px; text-align: center;\"><span style=\"color: #000000;\">120 \u20ac<\/span><\/td><td style=\"width: 16.6389%; height: 24px; text-align: center;\"><span style=\"color: #000000;\">155 \u20ac<\/span><\/td><td style=\"width: 16.6389%; height: 24px; text-align: center;\"><span style=\"color: #000000;\">160 \u20ac<\/span><\/td><td style=\"width: 16.6389%; height: 24px; text-align: center;\"><span style=\"color: #000000;\">180 \u20ac<\/span><\/td><\/tr><tr style=\"height: 24px;\"><td style=\"width: 16.6389%; height: 24px; text-align: center; background-color: #ffe5c4;\"><span style=\"color: #000000;\">13 \u00e0 17 ans<\/span><\/td><td style=\"width: 16.6389%; height: 24px; text-align: center;\"><span style=\"color: #000000;\">163 \u20ac<\/span><\/td><td style=\"width: 16.6389%; height: 24px; text-align: center;\"><span style=\"color: #000000;\">140 \u20ac<\/span><\/td><td style=\"width: 16.6389%; height: 24px; text-align: center;\"><span style=\"color: #000000;\">185 \u20ac<\/span><\/td><td style=\"width: 16.6389%; height: 24px; text-align: center;\"><span style=\"color: #000000;\">190 \u20ac<\/span><\/td><td style=\"width: 16.6389%; height: 24px; text-align: center;\"><span style=\"color: #000000;\">210 \u20ac<\/span><\/td><\/tr><tr style=\"height: 24px;\"><td style=\"width: 16.6389%; height: 24px; text-align: center; background-color: #ffe5c4;\"><span style=\"color: #000000;\">Adultes<\/span><\/td><td style=\"width: 16.6389%; height: 24px; text-align: center;\"><span style=\"color: #000000;\">235 \u20ac<\/span><\/td><td style=\"width: 16.6389%; height: 24px; text-align: center;\"><span style=\"color: #000000;\">235 \u20ac<\/span><\/td><td style=\"width: 16.6389%; height: 24px; text-align: center;\"><span style=\"color: #000000;\">210 \u20ac<\/span><\/td><td style=\"width: 16.6389%; height: 24px; text-align: center;\"><span style=\"color: #000000;\">215 \u20ac<\/span><\/td><td style=\"width: 16.6389%; height: 24px; text-align: center;\"><span style=\"color: #000000;\">235 \u20ac<\/span><\/td><\/tr><\/tbody><\/table><p>Le tarif comprend l\u2019adh\u00e9sion de 20 \u20ac \u00e0 l\u2019ASVLB, et la licence de karat\u00e9 avec assurance de 37<span style=\"background-color: rgba(253, 210, 71, 0);\">\u00a0<\/span><span style=\"background-color: rgba(253, 210, 71, 0);\">\u20ac<\/span><\/p>\t\t\t\t\t\t\t\t<\/div>\n\t\t\t\t<\/div>\n\t\t\t\t\t<\/div>\n\t\t<\/div>\n\t\t\t\t\t<\/div>\n\t\t<\/section>\n\t\t\t\t<section class=\"elementor-section elementor-top-section elementor-element elementor-element-3639a14 elementor-section-boxed elementor-section-height-default elementor-section-height-default\" data-id=\"3639a14\" data-element_type=\"section\">\n\t\t\t\t\t\t<div class=\"elementor-container elementor-column-gap-default\">\n\t\t\t\t\t<div class=\"elementor-column elementor-col-100 elementor-top-column elementor-element elementor-element-4eedb5c\" data-id=\"4eedb5c\" data-element_type=\"column\">\n\t\t\t<div class=\"elementor-widget-wrap elementor-element-populated\">\n\t\t\t\t\t\t<div class=\"elementor-element elementor-element-8304839 elementor-widget elementor-widget-text-editor\" data-id=\"8304839\" data-element_type=\"widget\" data-widget_type=\"text-editor.default\">\n\t\t\t\t<div class=\"elementor-widget-container\">\n\t\t\t\t\t\t\t\t\t<h1 style=\"text-align: center;\">\u00a0<\/h1><h1 style=\"text-align: center;\">Informations compl\u00e9mentaires<\/h1><div>\u00a0<\/div><div>\u00a0<\/div><p><span lang=\"FR\" style=\"font-size: 11.0pt; line-height: 115%; font-family: 'Times New Roman',serif;\">Il sera demand\u00e9 une <b>autorisation\u00a0parentale<\/b>, sign\u00e9e par les repr\u00e9sentants l\u00e9gaux, pour les enfants <b>mineurs qui quittent seul le lieu d\u2019entra\u00eenement<\/b> pour rentrer chez eux.<\/span><b><span lang=\"FR\" style=\"font-size: 11pt; font-family: 'Times New Roman', serif;\">\u00a0<\/span><\/b><\/p><p style=\"margin-bottom: 0in; line-height: normal;\"><b><span lang=\"FR\" style=\"font-size: 11pt; font-family: 'Times New Roman', serif;\">Certificat m\u00e9dical<\/span><\/b><\/p><p style=\"margin-bottom: 0in; line-height: normal;\"><span lang=\"FR\" style=\"font-size: 11.0pt; font-family: 'Times New Roman',serif; mso-fareast-font-family: 'Times New Roman'; mso-font-kerning: 0pt; mso-ligatures: none;\">\u00a0<\/span><\/p><p style=\"margin-bottom: 0in; line-height: normal;\"><b><u><span lang=\"FR\" style=\"font-size: 11pt; font-family: 'Times New Roman', serif;\">Pour les mineurs<\/span><\/u><\/b><b><span lang=\"FR\" style=\"font-size: 11pt; font-family: 'Times New Roman', serif;\"> : <\/span><\/b><span lang=\"FR\" style=\"font-size: 11pt; font-family: 'Times New Roman', serif;\">Il sera demand\u00e9 aux licenci\u00e9s mineurs de remplir un questionnaire m\u00e9dical qu\u2019ils devront compl\u00e9ter conjointement avec leurs responsables l\u00e9gaux. Le responsable l\u00e9gal du<br \/>mineur devra attester sur l\u2019honneur que chacune des rubriques du questionnaire donne lieu \u00e0 une r\u00e9ponse n\u00e9gative. Pour des raisons de confidentialit\u00e9, seules les attestations sur l\u2019honneur sont \u00e0 fournir au moment de l\u2019inscription. <\/span><u><span lang=\"FR\" style=\"font-size: 11.0pt; font-family: 'Times New Roman',serif; mso-fareast-font-family: 'Times New Roman'; mso-font-kerning: 0pt; mso-ligatures: none;\">Si une r\u00e9ponse est positive \u00e0 ce questionnaire, un certificat m\u00e9dical attestant de la non-contre-indication \u00e0 la pratique du karat\u00e9 en comp\u00e9tition sera obligatoire.<\/span><\/u><\/p><p style=\"margin-bottom: 0in; line-height: normal;\"><span lang=\"FR\" style=\"font-size: 11.0pt; font-family: 'Times New Roman',serif; mso-fareast-font-family: 'Times New Roman'; mso-font-kerning: 0pt; mso-ligatures: none;\">\u00a0<\/span><\/p><p style=\"margin-bottom: 0in; line-height: normal;\"><b><u><span lang=\"FR\" style=\"font-size: 11pt; font-family: 'Times New Roman', serif;\">Pour les personnes majeures<\/span><\/u><\/b><b><span lang=\"FR\" style=\"font-size: 11pt; font-family: 'Times New Roman', serif;\"> :<\/span><\/b><span lang=\"FR\" style=\"font-size: 11pt; font-family: 'Times New Roman', serif;\"> En application de l\u2019article L. 231-2 du Code du sport, toute personne majeure peut prendre une licence librement sans contrainte li\u00e9e au certificat m\u00e9dical. Le certificat m\u00e9dical n\u2019est donc plus un sujet pour tout licenci\u00e9 majeur, qu\u2019il\u00a0soit pratiquant en loisirs, en comp\u00e9tition, ou encore dirigeant.<\/span><\/p><p style=\"margin-bottom: 0in; line-height: normal;\"><span lang=\"FR\" style=\"font-size: 11pt; font-family: 'Times New Roman', serif;\">\u00a0<\/span><\/p><p style=\"margin-bottom: 0in; line-height: normal;\"><b><span lang=\"FR\" style=\"font-size: 11pt; font-family: 'Times New Roman', serif;\">Comp\u00e9titions et passage ceinture noire \/ dan.<\/span><\/b><\/p><p style=\"margin-bottom: 0in; line-height: normal;\"><span style=\"font-family: 'Times New Roman', serif; font-size: 11pt;\">Un passeport sportif est n\u00e9cessaire. Son prix est de 25 \u20ac, et n\u2019est pas compris dans les frais d\u2019inscriptions.<\/span><\/p>\t\t\t\t\t\t\t\t<\/div>\n\t\t\t\t<\/div>\n\t\t\t\t\t<\/div>\n\t\t<\/div>\n\t\t\t\t\t<\/div>\n\t\t<\/section>\n\t\t\t\t<\/div>\n\t\t","protected":false},"excerpt":{"rendered":"<p>Informations Contrairement \u00e0 certaines id\u00e9es re\u00e7ues, le karat\u00e9 est accessible \u00e0 tous et \u00e0 toutes, et peut se pratiquer \u00e0 tout \u00e2ge : &#8211; les pr\u00e9-ado et adolescents y trouveront le moyen de canaliser leur \u00e9nergie et de construire leur confiance en eux, &#8211; les adultes souhaitant entretenir ou am\u00e9liorer leur condition physique pourront d\u00e9compresser<br \/><a class=\"moretag\" href=\"https:\/\/asvlb.fr\/index.php\/karate\/\">+ Read More<\/a><\/p>\n","protected":false},"author":1,"featured_media":0,"parent":0,"menu_order":0,"comment_status":"closed","ping_status":"closed","template":"","meta":{"footnotes":""},"class_list":["post-30","page","type-page","status-publish","hentry"],"_links":{"self":[{"href":"https:\/\/asvlb.fr\/index.php\/wp-json\/wp\/v2\/pages\/30","targetHints":{"allow":["GET"]}}],"collection":[{"href":"https:\/\/asvlb.fr\/index.php\/wp-json\/wp\/v2\/pages"}],"about":[{"href":"https:\/\/asvlb.fr\/index.php\/wp-json\/wp\/v2\/types\/page"}],"author":[{"embeddable":true,"href":"https:\/\/asvlb.fr\/index.php\/wp-json\/wp\/v2\/users\/1"}],"replies":[{"embeddable":true,"href":"https:\/\/asvlb.fr\/index.php\/wp-json\/wp\/v2\/comments?post=30"}],"version-history":[{"count":124,"href":"https:\/\/asvlb.fr\/index.php\/wp-json\/wp\/v2\/pages\/30\/revisions"}],"predecessor-version":[{"id":2877,"href":"https:\/\/asvlb.fr\/index.php\/wp-json\/wp\/v2\/pages\/30\/revisions\/2877"}],"wp:attachment":[{"href":"https:\/\/asvlb.fr\/index.php\/wp-json\/wp\/v2\/media?parent=30"}],"curies":[{"name":"wp","href":"https:\/\/api.w.org\/{rel}","templated":true}]}}