{"id":1269,"date":"2020-07-02T23:13:32","date_gmt":"2020-07-02T21:13:32","guid":{"rendered":"https:\/\/asvlb.fr\/?page_id=1269"},"modified":"2020-07-20T18:11:11","modified_gmt":"2020-07-20T16:11:11","slug":"charte-de-la-vie-privee","status":"publish","type":"page","link":"https:\/\/asvlb.fr\/index.php\/charte-de-la-vie-privee\/","title":{"rendered":"CHARTE DE LA VIE PRIV\u00c9E"},"content":{"rendered":"\t\t<div data-elementor-type=\"wp-page\" data-elementor-id=\"1269\" class=\"elementor elementor-1269\">\n\t\t\t\t\t\t<section class=\"elementor-section elementor-top-section elementor-element elementor-element-6d48ef3 elementor-section-boxed elementor-section-height-default elementor-section-height-default\" data-id=\"6d48ef3\" data-element_type=\"section\">\n\t\t\t\t\t\t<div class=\"elementor-container elementor-column-gap-default\">\n\t\t\t\t\t<div class=\"elementor-column elementor-col-100 elementor-top-column elementor-element elementor-element-61bb0c4\" data-id=\"61bb0c4\" data-element_type=\"column\">\n\t\t\t<div class=\"elementor-widget-wrap elementor-element-populated\">\n\t\t\t\t\t\t<div class=\"elementor-element elementor-element-171cf83 elementor-widget elementor-widget-text-editor\" data-id=\"171cf83\" data-element_type=\"widget\" data-widget_type=\"text-editor.default\">\n\t\t\t\t<div class=\"elementor-widget-container\">\n\t\t\t\t\t\t\t\t\t<p>La pr\u00e9sente Charte vie priv\u00e9e d\u00e9crit la mani\u00e8re dont\u00a0<span style=\"color: #4c4c4c; font-family: 'Open Sans', sans-serif;\">l&rsquo;ASVLB\u00a0<\/span>utilise les donn\u00e9es que vous lui transmettez via le site asvlb.fr (ci-apr\u00e8s le \u00ab Site \u00bb) ou lors de l&rsquo;adh\u00e9sion.<\/p>\t\t\t\t\t\t\t\t<\/div>\n\t\t\t\t<\/div>\n\t\t\t\t\t<\/div>\n\t\t<\/div>\n\t\t\t\t\t<\/div>\n\t\t<\/section>\n\t\t\t\t<section class=\"elementor-section elementor-top-section elementor-element elementor-element-a83c4ee elementor-section-boxed elementor-section-height-default elementor-section-height-default\" data-id=\"a83c4ee\" data-element_type=\"section\">\n\t\t\t\t\t\t<div class=\"elementor-container elementor-column-gap-default\">\n\t\t\t\t\t<div class=\"elementor-column elementor-col-100 elementor-top-column elementor-element elementor-element-b635737\" data-id=\"b635737\" data-element_type=\"column\">\n\t\t\t<div class=\"elementor-widget-wrap elementor-element-populated\">\n\t\t\t\t\t\t<div class=\"elementor-element elementor-element-0ca56a2 elementor-widget elementor-widget-heading\" data-id=\"0ca56a2\" data-element_type=\"widget\" data-widget_type=\"heading.default\">\n\t\t\t\t<div class=\"elementor-widget-container\">\n\t\t\t\t\t<h2 class=\"elementor-heading-title elementor-size-default\"><div><span style=\"font-family: Montserrat, sans-serif;font-size: 14px;font-weight: 700;letter-spacing: 3px;text-transform: uppercase\">QUI EST LE RESPONSABLE DE TRAITEMENT DE VOS DONN\u00c9ES \u00c0 CARACT\u00c8RE PERSONNEL ?<\/span><br><\/div><\/h2>\t\t\t\t<\/div>\n\t\t\t\t<\/div>\n\t\t\t\t\t<\/div>\n\t\t<\/div>\n\t\t\t\t\t<\/div>\n\t\t<\/section>\n\t\t\t\t<section class=\"elementor-section elementor-top-section elementor-element elementor-element-09983ef elementor-section-boxed elementor-section-height-default elementor-section-height-default\" data-id=\"09983ef\" data-element_type=\"section\">\n\t\t\t\t\t\t<div class=\"elementor-container elementor-column-gap-default\">\n\t\t\t\t\t<div class=\"elementor-column elementor-col-100 elementor-top-column elementor-element elementor-element-7c6e80c\" data-id=\"7c6e80c\" data-element_type=\"column\">\n\t\t\t<div class=\"elementor-widget-wrap elementor-element-populated\">\n\t\t\t\t\t\t<div class=\"elementor-element elementor-element-a6971ba elementor-widget elementor-widget-text-editor\" data-id=\"a6971ba\" data-element_type=\"widget\" data-widget_type=\"text-editor.default\">\n\t\t\t\t<div class=\"elementor-widget-container\">\n\t\t\t\t\t\t\t\t\t<p><span style=\"color: #4c4c4c; font-family: 'Open Sans', sans-serif;\">Le traitement des donn\u00e9es est r\u00e9alis\u00e9 pas les responsables des sections et le bureau de l&rsquo;ASVLB.\u00a0<\/span><\/p>\t\t\t\t\t\t\t\t<\/div>\n\t\t\t\t<\/div>\n\t\t\t\t\t<\/div>\n\t\t<\/div>\n\t\t\t\t\t<\/div>\n\t\t<\/section>\n\t\t\t\t<section class=\"elementor-section elementor-top-section elementor-element elementor-element-6326e93 elementor-section-boxed elementor-section-height-default elementor-section-height-default\" data-id=\"6326e93\" data-element_type=\"section\">\n\t\t\t\t\t\t<div class=\"elementor-container elementor-column-gap-default\">\n\t\t\t\t\t<div class=\"elementor-column elementor-col-100 elementor-top-column elementor-element elementor-element-69d54bc\" data-id=\"69d54bc\" data-element_type=\"column\">\n\t\t\t<div class=\"elementor-widget-wrap elementor-element-populated\">\n\t\t\t\t\t\t<div class=\"elementor-element elementor-element-ece80fc elementor-widget elementor-widget-heading\" data-id=\"ece80fc\" data-element_type=\"widget\" data-widget_type=\"heading.default\">\n\t\t\t\t<div class=\"elementor-widget-container\">\n\t\t\t\t\t<h2 class=\"elementor-heading-title elementor-size-default\"><h5 style=\"font-family: Montserrat, sans-serif;font-weight: 700;margin-top: 10px;margin-bottom: 10px;text-transform: uppercase;letter-spacing: 3px\">QUI EST DESTINATAIRE DE VOS DONN\u00c9ES PERSONNELLES ?<\/h5><\/h2>\t\t\t\t<\/div>\n\t\t\t\t<\/div>\n\t\t\t\t\t<\/div>\n\t\t<\/div>\n\t\t\t\t\t<\/div>\n\t\t<\/section>\n\t\t\t\t<section class=\"elementor-section elementor-top-section elementor-element elementor-element-c443d28 elementor-section-boxed elementor-section-height-default elementor-section-height-default\" data-id=\"c443d28\" data-element_type=\"section\">\n\t\t\t\t\t\t<div class=\"elementor-container elementor-column-gap-default\">\n\t\t\t\t\t<div class=\"elementor-column elementor-col-100 elementor-top-column elementor-element elementor-element-e872858\" data-id=\"e872858\" data-element_type=\"column\">\n\t\t\t<div class=\"elementor-widget-wrap elementor-element-populated\">\n\t\t\t\t\t\t<div class=\"elementor-element elementor-element-9b40816 elementor-widget elementor-widget-text-editor\" data-id=\"9b40816\" data-element_type=\"widget\" data-widget_type=\"text-editor.default\">\n\t\t\t\t<div class=\"elementor-widget-container\">\n\t\t\t\t\t\t\t\t\t<p><span style=\"color: #4c4c4c; font-family: 'Open Sans', sans-serif;\">Les donn\u00e9es collect\u00e9es sur le Site et\/ou lors des inscriptions, sont \u00e0 usage exclusif de l&rsquo;ASVLB.<\/span><\/p>\t\t\t\t\t\t\t\t<\/div>\n\t\t\t\t<\/div>\n\t\t\t\t\t<\/div>\n\t\t<\/div>\n\t\t\t\t\t<\/div>\n\t\t<\/section>\n\t\t\t\t<section class=\"elementor-section elementor-top-section elementor-element elementor-element-ac2fb5b elementor-section-boxed elementor-section-height-default elementor-section-height-default\" data-id=\"ac2fb5b\" data-element_type=\"section\">\n\t\t\t\t\t\t<div class=\"elementor-container elementor-column-gap-default\">\n\t\t\t\t\t<div class=\"elementor-column elementor-col-100 elementor-top-column elementor-element elementor-element-12ef824\" data-id=\"12ef824\" data-element_type=\"column\">\n\t\t\t<div class=\"elementor-widget-wrap elementor-element-populated\">\n\t\t\t\t\t\t<div class=\"elementor-element elementor-element-10e6595 elementor-widget elementor-widget-heading\" data-id=\"10e6595\" data-element_type=\"widget\" data-widget_type=\"heading.default\">\n\t\t\t\t<div class=\"elementor-widget-container\">\n\t\t\t\t\t<h2 class=\"elementor-heading-title elementor-size-default\"><h5 style=\"font-family: Montserrat, sans-serif;font-weight: 700;margin-top: 10px;margin-bottom: 10px;text-transform: uppercase;letter-spacing: 3px\">QUELLE EST L'UTILISATION DE VOS DONN\u00c9ES ?<\/h5><\/h2>\t\t\t\t<\/div>\n\t\t\t\t<\/div>\n\t\t\t\t\t<\/div>\n\t\t<\/div>\n\t\t\t\t\t<\/div>\n\t\t<\/section>\n\t\t\t\t<section class=\"elementor-section elementor-top-section elementor-element elementor-element-3d6c5bc elementor-section-boxed elementor-section-height-default elementor-section-height-default\" data-id=\"3d6c5bc\" data-element_type=\"section\">\n\t\t\t\t\t\t<div class=\"elementor-container elementor-column-gap-default\">\n\t\t\t\t\t<div class=\"elementor-column elementor-col-100 elementor-top-column elementor-element elementor-element-c6de488\" data-id=\"c6de488\" data-element_type=\"column\">\n\t\t\t<div class=\"elementor-widget-wrap elementor-element-populated\">\n\t\t\t\t\t\t<div class=\"elementor-element elementor-element-268b5bb elementor-widget elementor-widget-text-editor\" data-id=\"268b5bb\" data-element_type=\"widget\" data-widget_type=\"text-editor.default\">\n\t\t\t\t<div class=\"elementor-widget-container\">\n\t\t\t\t\t\t\t\t\t<p>Nous utilisons vos donn\u00e9es pour les finalit\u00e9s suivantes :<\/p><ul><li>Pour la gestion de votre adh\u00e9sion,<\/li><li>Pour une demande de licence aupr\u00e8s d&rsquo;une F\u00e9d\u00e9ration sportive de tutelle.<\/li><\/ul>\t\t\t\t\t\t\t\t<\/div>\n\t\t\t\t<\/div>\n\t\t\t\t\t<\/div>\n\t\t<\/div>\n\t\t\t\t\t<\/div>\n\t\t<\/section>\n\t\t\t\t<section class=\"elementor-section elementor-top-section elementor-element elementor-element-25933fb elementor-section-boxed elementor-section-height-default elementor-section-height-default\" data-id=\"25933fb\" data-element_type=\"section\">\n\t\t\t\t\t\t<div class=\"elementor-container elementor-column-gap-default\">\n\t\t\t\t\t<div class=\"elementor-column elementor-col-100 elementor-top-column elementor-element elementor-element-e2d7c87\" data-id=\"e2d7c87\" data-element_type=\"column\">\n\t\t\t<div class=\"elementor-widget-wrap elementor-element-populated\">\n\t\t\t\t\t\t<div class=\"elementor-element elementor-element-79b10b7 elementor-widget elementor-widget-heading\" data-id=\"79b10b7\" data-element_type=\"widget\" data-widget_type=\"heading.default\">\n\t\t\t\t<div class=\"elementor-widget-container\">\n\t\t\t\t\t<h2 class=\"elementor-heading-title elementor-size-default\"><h5 style=\"font-family: Montserrat, sans-serif;font-weight: 700;margin-top: 10px;margin-bottom: 10px;text-transform: uppercase;letter-spacing: 3px\">QUELLES SONT LES DONN\u00c9ES COLLECT\u00c9ES ?<\/h5><\/h2>\t\t\t\t<\/div>\n\t\t\t\t<\/div>\n\t\t\t\t\t<\/div>\n\t\t<\/div>\n\t\t\t\t\t<\/div>\n\t\t<\/section>\n\t\t\t\t<section class=\"elementor-section elementor-top-section elementor-element elementor-element-f1c5b6d elementor-section-boxed elementor-section-height-default elementor-section-height-default\" data-id=\"f1c5b6d\" data-element_type=\"section\">\n\t\t\t\t\t\t<div class=\"elementor-container elementor-column-gap-default\">\n\t\t\t\t\t<div class=\"elementor-column elementor-col-100 elementor-top-column elementor-element elementor-element-4bbc438\" data-id=\"4bbc438\" data-element_type=\"column\">\n\t\t\t<div class=\"elementor-widget-wrap elementor-element-populated\">\n\t\t\t\t\t\t<div class=\"elementor-element elementor-element-8a1c52e elementor-widget elementor-widget-text-editor\" data-id=\"8a1c52e\" data-element_type=\"widget\" data-widget_type=\"text-editor.default\">\n\t\t\t\t<div class=\"elementor-widget-container\">\n\t\t\t\t\t\t\t\t\t<ul>\n<li>Pr\u00e9nom<\/li>\n<li>Nom<\/li>\n<li>Date de naissance<\/li>\n<li>Num\u00e9ro de t\u00e9l\u00e9phone<\/li>\n<li>Adresse email<\/li>\n<li>Sexe<\/li>\n<li>Adresse postale<\/li>\n<li>Fourniture de certificat m\u00e9dical<\/li>\n<\/ul>\t\t\t\t\t\t\t\t<\/div>\n\t\t\t\t<\/div>\n\t\t\t\t\t<\/div>\n\t\t<\/div>\n\t\t\t\t\t<\/div>\n\t\t<\/section>\n\t\t\t\t<section class=\"elementor-section elementor-top-section elementor-element elementor-element-db5a8b4 elementor-section-boxed elementor-section-height-default elementor-section-height-default\" data-id=\"db5a8b4\" data-element_type=\"section\">\n\t\t\t\t\t\t<div class=\"elementor-container elementor-column-gap-default\">\n\t\t\t\t\t<div class=\"elementor-column elementor-col-100 elementor-top-column elementor-element elementor-element-80d14da\" data-id=\"80d14da\" data-element_type=\"column\">\n\t\t\t<div class=\"elementor-widget-wrap elementor-element-populated\">\n\t\t\t\t\t\t<div class=\"elementor-element elementor-element-e4c8957 elementor-widget elementor-widget-heading\" data-id=\"e4c8957\" data-element_type=\"widget\" data-widget_type=\"heading.default\">\n\t\t\t\t<div class=\"elementor-widget-container\">\n\t\t\t\t\t<h2 class=\"elementor-heading-title elementor-size-default\"><h5 style=\"font-family: Montserrat, sans-serif;font-weight: 700;margin-top: 10px;margin-bottom: 10px;text-transform: uppercase;letter-spacing: 3px\">COMMENT PUIS-JE ACC\u00c9DER, CORRIGER, METTRE \u00c0 JOUR OU SUPPRIMER MES INFORMATIONS ?<\/h5><\/h2>\t\t\t\t<\/div>\n\t\t\t\t<\/div>\n\t\t\t\t\t<\/div>\n\t\t<\/div>\n\t\t\t\t\t<\/div>\n\t\t<\/section>\n\t\t\t\t<section class=\"elementor-section elementor-top-section elementor-element elementor-element-3e3200b elementor-section-boxed elementor-section-height-default elementor-section-height-default\" data-id=\"3e3200b\" data-element_type=\"section\">\n\t\t\t\t\t\t<div class=\"elementor-container elementor-column-gap-default\">\n\t\t\t\t\t<div class=\"elementor-column elementor-col-100 elementor-top-column elementor-element elementor-element-9e64028\" data-id=\"9e64028\" data-element_type=\"column\">\n\t\t\t<div class=\"elementor-widget-wrap elementor-element-populated\">\n\t\t\t\t\t\t<div class=\"elementor-element elementor-element-9dfd0e7 elementor-widget elementor-widget-text-editor\" data-id=\"9dfd0e7\" data-element_type=\"widget\" data-widget_type=\"text-editor.default\">\n\t\t\t\t<div class=\"elementor-widget-container\">\n\t\t\t\t\t\t\t\t\t<p style=\"margin-bottom: 10px; font-family: 'Open Sans', sans-serif; line-height: 24px; color: #4c4c4c;\">Conform\u00e9ment \u00e0 la loi n\u00b078-17 du 6 janvier 1978, vous avez le droit d\u2019acc\u00e9der, de corriger et\/ou de mettre \u00e0 jour les donn\u00e9es personnelles vous concernant en contactant : webmaster@asvlb.fr .<\/p>\t\t\t\t\t\t\t\t<\/div>\n\t\t\t\t<\/div>\n\t\t\t\t\t<\/div>\n\t\t<\/div>\n\t\t\t\t\t<\/div>\n\t\t<\/section>\n\t\t\t\t<section class=\"elementor-section elementor-top-section elementor-element elementor-element-677d0cc elementor-section-boxed elementor-section-height-default elementor-section-height-default\" data-id=\"677d0cc\" data-element_type=\"section\">\n\t\t\t\t\t\t<div class=\"elementor-container elementor-column-gap-default\">\n\t\t\t\t\t<div class=\"elementor-column elementor-col-100 elementor-top-column elementor-element elementor-element-6109793\" data-id=\"6109793\" data-element_type=\"column\">\n\t\t\t<div class=\"elementor-widget-wrap elementor-element-populated\">\n\t\t\t\t\t\t<div class=\"elementor-element elementor-element-e92869d elementor-widget elementor-widget-heading\" data-id=\"e92869d\" data-element_type=\"widget\" data-widget_type=\"heading.default\">\n\t\t\t\t<div class=\"elementor-widget-container\">\n\t\t\t\t\t<h2 class=\"elementor-heading-title elementor-size-default\"><h5 style=\"font-family: Montserrat, sans-serif;font-weight: 700;margin-top: 10px;margin-bottom: 10px;text-transform: uppercase;letter-spacing: 3px\">COMMENT PUIS-JE ARR\u00caTER DE RECEVOIR LES COMMUNICATIONS?<\/h5><\/h2>\t\t\t\t<\/div>\n\t\t\t\t<\/div>\n\t\t\t\t\t<\/div>\n\t\t<\/div>\n\t\t\t\t\t<\/div>\n\t\t<\/section>\n\t\t\t\t<section class=\"elementor-section elementor-top-section elementor-element elementor-element-f21d70f elementor-section-boxed elementor-section-height-default elementor-section-height-default\" data-id=\"f21d70f\" data-element_type=\"section\">\n\t\t\t\t\t\t<div class=\"elementor-container elementor-column-gap-default\">\n\t\t\t\t\t<div class=\"elementor-column elementor-col-100 elementor-top-column elementor-element elementor-element-512d229\" data-id=\"512d229\" data-element_type=\"column\">\n\t\t\t<div class=\"elementor-widget-wrap elementor-element-populated\">\n\t\t\t\t\t\t<div class=\"elementor-element elementor-element-ebc68e9 elementor-widget elementor-widget-text-editor\" data-id=\"ebc68e9\" data-element_type=\"widget\" data-widget_type=\"text-editor.default\">\n\t\t\t\t<div class=\"elementor-widget-container\">\n\t\t\t\t\t\t\t\t\t<p style=\"margin-bottom: 10px; font-family: 'Open Sans', sans-serif; line-height: 24px; color: #4c4c4c;\">Vous pouvez demander \u00e0 ne plus recevoir nos communications \u00e0 tout moment en nous contactant par courriel \u00e0 l\u2019adresse suivante :<\/p><p style=\"margin-bottom: 0px; font-family: 'Open Sans', sans-serif; line-height: 24px; color: #4c4c4c;\">webmaster@asvlb.fr<\/p>\t\t\t\t\t\t\t\t<\/div>\n\t\t\t\t<\/div>\n\t\t\t\t\t<\/div>\n\t\t<\/div>\n\t\t\t\t\t<\/div>\n\t\t<\/section>\n\t\t\t\t<section class=\"elementor-section elementor-top-section elementor-element elementor-element-0b576cb elementor-section-boxed elementor-section-height-default elementor-section-height-default\" data-id=\"0b576cb\" data-element_type=\"section\">\n\t\t\t\t\t\t<div class=\"elementor-container elementor-column-gap-default\">\n\t\t\t\t\t<div class=\"elementor-column elementor-col-100 elementor-top-column elementor-element elementor-element-941cef6\" data-id=\"941cef6\" data-element_type=\"column\">\n\t\t\t<div class=\"elementor-widget-wrap elementor-element-populated\">\n\t\t\t\t\t\t<div class=\"elementor-element elementor-element-5cffbb8 elementor-widget elementor-widget-spacer\" data-id=\"5cffbb8\" data-element_type=\"widget\" data-widget_type=\"spacer.default\">\n\t\t\t\t<div class=\"elementor-widget-container\">\n\t\t\t\t\t\t\t<div class=\"elementor-spacer\">\n\t\t\t<div class=\"elementor-spacer-inner\"><\/div>\n\t\t<\/div>\n\t\t\t\t\t\t<\/div>\n\t\t\t\t<\/div>\n\t\t\t\t\t<\/div>\n\t\t<\/div>\n\t\t\t\t\t<\/div>\n\t\t<\/section>\n\t\t\t\t<section class=\"elementor-section elementor-top-section elementor-element elementor-element-53a4253 elementor-section-boxed elementor-section-height-default elementor-section-height-default\" data-id=\"53a4253\" data-element_type=\"section\">\n\t\t\t\t\t\t<div class=\"elementor-container elementor-column-gap-default\">\n\t\t\t\t\t<div class=\"elementor-column elementor-col-100 elementor-top-column elementor-element elementor-element-f4dcfdf\" data-id=\"f4dcfdf\" data-element_type=\"column\">\n\t\t\t<div class=\"elementor-widget-wrap elementor-element-populated\">\n\t\t\t\t\t\t<div class=\"elementor-element elementor-element-63d3358 elementor-widget elementor-widget-text-editor\" data-id=\"63d3358\" data-element_type=\"widget\" data-widget_type=\"text-editor.default\">\n\t\t\t\t<div class=\"elementor-widget-container\">\n\t\t\t\t\t\t\t\t\t<p><span style=\"font-size: 8pt;\"><em>Derni\u00e8re mise \u00e0 jour : Le 20 Juillet 2020<\/em><\/span><\/p>\t\t\t\t\t\t\t\t<\/div>\n\t\t\t\t<\/div>\n\t\t\t\t\t<\/div>\n\t\t<\/div>\n\t\t\t\t\t<\/div>\n\t\t<\/section>\n\t\t\t\t<\/div>\n\t\t","protected":false},"excerpt":{"rendered":"<p>La pr\u00e9sente Charte vie priv\u00e9e d\u00e9crit la mani\u00e8re dont\u00a0l&rsquo;ASVLB\u00a0utilise les donn\u00e9es que vous lui transmettez via le site asvlb.fr (ci-apr\u00e8s le \u00ab Site \u00bb) ou lors de l&rsquo;adh\u00e9sion. QUI EST LE RESPONSABLE DE TRAITEMENT DE VOS DONN\u00c9ES \u00c0 CARACT\u00c8RE PERSONNEL ? Le traitement des donn\u00e9es est r\u00e9alis\u00e9 pas les responsables des sections et le bureau<br \/><a class=\"moretag\" href=\"https:\/\/asvlb.fr\/index.php\/charte-de-la-vie-privee\/\">+ Read More<\/a><\/p>\n","protected":false},"author":1,"featured_media":0,"parent":0,"menu_order":0,"comment_status":"closed","ping_status":"closed","template":"","meta":{"footnotes":""},"class_list":["post-1269","page","type-page","status-publish","hentry"],"_links":{"self":[{"href":"https:\/\/asvlb.fr\/index.php\/wp-json\/wp\/v2\/pages\/1269","targetHints":{"allow":["GET"]}}],"collection":[{"href":"https:\/\/asvlb.fr\/index.php\/wp-json\/wp\/v2\/pages"}],"about":[{"href":"https:\/\/asvlb.fr\/index.php\/wp-json\/wp\/v2\/types\/page"}],"author":[{"embeddable":true,"href":"https:\/\/asvlb.fr\/index.php\/wp-json\/wp\/v2\/users\/1"}],"replies":[{"embeddable":true,"href":"https:\/\/asvlb.fr\/index.php\/wp-json\/wp\/v2\/comments?post=1269"}],"version-history":[{"count":31,"href":"https:\/\/asvlb.fr\/index.php\/wp-json\/wp\/v2\/pages\/1269\/revisions"}],"predecessor-version":[{"id":1361,"href":"https:\/\/asvlb.fr\/index.php\/wp-json\/wp\/v2\/pages\/1269\/revisions\/1361"}],"wp:attachment":[{"href":"https:\/\/asvlb.fr\/index.php\/wp-json\/wp\/v2\/media?parent=1269"}],"curies":[{"name":"wp","href":"https:\/\/api.w.org\/{rel}","templated":true}]}}